{"id":34,"date":"2024-08-13T23:36:32","date_gmt":"2024-08-13T23:36:32","guid":{"rendered":"https:\/\/cemlmontecarlo.com.ar\/evo\/sector-canal-5\/"},"modified":"2025-01-11T14:13:52","modified_gmt":"2025-01-11T14:13:52","slug":"sector-canal-5","status":"publish","type":"page","link":"https:\/\/cemlmontecarlo.com.ar\/evo\/?page_id=34","title":{"rendered":"Canal 5"},"content":{"rendered":"\n<p><strong>Canal 5:<\/strong> se convirti\u00f3 en un nexo important\u00edsimo con la comunidad, dado que transmite y comparte con todos los abonados de Montecarlo, Caraguatay, Tarum\u00e1, Guaraypo, Barrio ITA y El Alc\u00e1zar, noticias, eventos, programaci\u00f3n generada en sus estudios con personal propio, como as\u00ed tambi\u00e9n abre la posibilidad a que productores independientes puedan generar y poner al aire contenidos producidos de manera particular y abarcando distintas tem\u00e1ticas.<\/p>\n\n\n\n<p><strong>Canal 5 Plus:<\/strong> La cantidad de a\u00f1os que suma la prestaci\u00f3n de este servicio, ha generado un archivo de im\u00e1genes de nuestra zona riqu\u00edsimo y una nueva inquietud: compartirlos. Por ello, en el a\u00f1o 2022, se incorpora una nueva se\u00f1al a la grilla de canales llamada Canal 5 Plus, que ocupa el canal 55. Esta se\u00f1al ofrece contenido hist\u00f3rico generado en nuestros estudios y emitidos a trav\u00e9s de canal 5 desde sus comienzos, gracias a la tarea de digitalizaci\u00f3n de m\u00e1s de 3000 cintas en formato VHS y unas 2000 en formato MiniDV, recuperando material realmente muy rico.<\/p>\n\n\n\n<p>REDES SOCIALES:<\/p>\n\n\n\n<p><a href=\"https:\/\/www.facebook.com\/profile.php?id=61556805084101\" data-type=\"link\" data-id=\"https:\/\/www.facebook.com\/profile.php?id=61556805084101\" target=\"_blank\" rel=\"noreferrer noopener\"><strong>Facebook Panorama Informativo Canal 5<\/strong><\/a><\/p>\n\n\n\n<p><\/p>\n\n\n<div class=\"wp-block-image\">\n<figure class=\"aligncenter size-full is-resized\"><img fetchpriority=\"high\" decoding=\"async\" width=\"812\" height=\"563\" src=\"https:\/\/cemlmontecarlo.com.ar\/evo\/wp-content\/uploads\/2025\/01\/PROGRAMACION-CANAL-5-ENERO-2025.jpg\" alt=\"\" class=\"wp-image-10253\" style=\"width:685px;height:auto\" srcset=\"https:\/\/cemlmontecarlo.com.ar\/evo\/wp-content\/uploads\/2025\/01\/PROGRAMACION-CANAL-5-ENERO-2025.jpg 812w, https:\/\/cemlmontecarlo.com.ar\/evo\/wp-content\/uploads\/2025\/01\/PROGRAMACION-CANAL-5-ENERO-2025-300x208.jpg 300w, https:\/\/cemlmontecarlo.com.ar\/evo\/wp-content\/uploads\/2025\/01\/PROGRAMACION-CANAL-5-ENERO-2025-768x532.jpg 768w\" sizes=\"(max-width: 812px) 100vw, 812px\" \/><\/figure><\/div>\n\n\n<p><\/p>\n","protected":false},"excerpt":{"rendered":"<p>Canal 5: se convirti\u00f3 en un nexo important\u00edsimo con la comunidad, dado que transmite y comparte con todos los abonados de Montecarlo, Caraguatay, Tarum\u00e1, Guaraypo, Barrio ITA y El Alc\u00e1zar, noticias, eventos, programaci\u00f3n generada en sus estudios con personal propio, como as\u00ed tambi\u00e9n abre la posibilidad a que productores independientes puedan generar y poner al [&hellip;]<\/p>\n","protected":false},"author":1,"featured_media":0,"parent":0,"menu_order":0,"comment_status":"closed","ping_status":"closed","template":"","meta":{"footnotes":""},"class_list":["post-34","page","type-page","status-publish","hentry"],"_links":{"self":[{"href":"https:\/\/cemlmontecarlo.com.ar\/evo\/index.php?rest_route=\/wp\/v2\/pages\/34","targetHints":{"allow":["GET"]}}],"collection":[{"href":"https:\/\/cemlmontecarlo.com.ar\/evo\/index.php?rest_route=\/wp\/v2\/pages"}],"about":[{"href":"https:\/\/cemlmontecarlo.com.ar\/evo\/index.php?rest_route=\/wp\/v2\/types\/page"}],"author":[{"embeddable":true,"href":"https:\/\/cemlmontecarlo.com.ar\/evo\/index.php?rest_route=\/wp\/v2\/users\/1"}],"replies":[{"embeddable":true,"href":"https:\/\/cemlmontecarlo.com.ar\/evo\/index.php?rest_route=%2Fwp%2Fv2%2Fcomments&post=34"}],"version-history":[{"count":7,"href":"https:\/\/cemlmontecarlo.com.ar\/evo\/index.php?rest_route=\/wp\/v2\/pages\/34\/revisions"}],"predecessor-version":[{"id":10254,"href":"https:\/\/cemlmontecarlo.com.ar\/evo\/index.php?rest_route=\/wp\/v2\/pages\/34\/revisions\/10254"}],"wp:attachment":[{"href":"https:\/\/cemlmontecarlo.com.ar\/evo\/index.php?rest_route=%2Fwp%2Fv2%2Fmedia&parent=34"}],"curies":[{"name":"wp","href":"https:\/\/api.w.org\/{rel}","templated":true}]}}

<p><strong>Canal 5:</strong> se convirtió en un nexo importantísimo con la comunidad, dado que transmite y comparte con todos los abonados de Montecarlo, Caraguatay, Tarumá, Guaraypo, Barrio ITA y El Alcázar, noticias, eventos, programación generada en sus estudios con personal propio, como así también abre la posibilidad a que productores independientes puedan generar y poner al aire contenidos producidos de manera particular y abarcando distintas temáticas.</p>



<p><strong>Canal 5 Plus:</strong> La cantidad de años que suma la prestación de este servicio, ha generado un archivo de imágenes de nuestra zona riquísimo y una nueva inquietud: compartirlos. Por ello, en el año 2022, se incorpora una nueva señal a la grilla de canales llamada Canal 5 Plus, que ocupa el canal 55. Esta señal ofrece contenido histórico generado en nuestros estudios y emitidos a través de canal 5 desde sus comienzos, gracias a la tarea de digitalización de más de 3000 cintas en formato VHS y unas 2000 en formato MiniDV, recuperando material realmente muy rico.</p>



<p>REDES SOCIALES:</p>



<p><a href="https://www.facebook.com/profile.php?id=61556805084101" data-type="link" data-id="https://www.facebook.com/profile.php?id=61556805084101" target="_blank" rel="noreferrer noopener"><strong>Facebook Panorama Informativo Canal 5</strong></a></p>



<p></p>


<div class="wp-block-image">
<figure class="aligncenter size-full is-resized"><img fetchpriority="high" decoding="async" width="812" height="563" src="https://cemlmontecarlo.com.ar/evo/wp-content/uploads/2025/01/PROGRAMACION-CANAL-5-ENERO-2025.jpg" alt="" class="wp-image-10253" style="width:685px;height:auto" srcset="https://cemlmontecarlo.com.ar/evo/wp-content/uploads/2025/01/PROGRAMACION-CANAL-5-ENERO-2025.jpg 812w, https://cemlmontecarlo.com.ar/evo/wp-content/uploads/2025/01/PROGRAMACION-CANAL-5-ENERO-2025-300x208.jpg 300w, https://cemlmontecarlo.com.ar/evo/wp-content/uploads/2025/01/PROGRAMACION-CANAL-5-ENERO-2025-768x532.jpg 768w" sizes="(max-width: 812px) 100vw, 812px" /></figure></div>


<p></p>

<p>Canal 5: se convirtió en un nexo importantísimo con la comunidad, dado que transmite y comparte con todos los abonados de Montecarlo, Caraguatay, Tarumá, Guaraypo, Barrio ITA y El Alcázar, noticias, eventos, programación generada en sus estudios con personal propio, como así también abre la posibilidad a que productores independientes puedan generar y poner al [&hellip;]</p>
