{"id":59,"date":"2024-08-14T00:04:20","date_gmt":"2024-08-14T00:04:20","guid":{"rendered":"https:\/\/cemlmontecarlo.com.ar\/evo\/acceso-a-socios\/"},"modified":"2024-11-18T19:33:37","modified_gmt":"2024-11-18T19:33:37","slug":"acceso-a-socios","status":"publish","type":"page","link":"https:\/\/cemlmontecarlo.com.ar\/evo\/?page_id=59","title":{"rendered":"Pago de Facturas"},"content":{"rendered":"\t\t<div data-elementor-type=\"wp-page\" data-elementor-id=\"59\" class=\"elementor elementor-59\" data-elementor-post-type=\"page\">\n\t\t\t\t\t\t<section class=\"elementor-section elementor-top-section elementor-element elementor-element-2a6eebd elementor-section-boxed elementor-section-height-default elementor-section-height-default rt-parallax-bg-no\" data-id=\"2a6eebd\" data-element_type=\"section\" data-e-type=\"section\">\n\t\t\t\t\t\t<div class=\"elementor-container elementor-column-gap-default\">\n\t\t\t\t\t<div class=\"elementor-column elementor-col-100 elementor-top-column elementor-element elementor-element-27b8d5d\" data-id=\"27b8d5d\" data-element_type=\"column\" data-e-type=\"column\">\n\t\t\t<div class=\"elementor-widget-wrap elementor-element-populated\">\n\t\t\t\t\t\t<div class=\"elementor-element elementor-element-6b26c66 elementor-widget elementor-widget-text-editor\" data-id=\"6b26c66\" data-element_type=\"widget\" data-e-type=\"widget\" data-widget_type=\"text-editor.default\">\n\t\t\t\t<div class=\"elementor-widget-container\">\n\t\t\t\t\t\t\t\t\t<p>Ir a pagos de Facturas Online<\/p>\t\t\t\t\t\t\t\t<\/div>\n\t\t\t\t<\/div>\n\t\t\t\t\t<\/div>\n\t\t<\/div>\n\t\t\t\t\t<\/div>\n\t\t<\/section>\n\t\t\t\t<section class=\"elementor-section elementor-top-section elementor-element elementor-element-19fa3da3 elementor-section-boxed elementor-section-height-default elementor-section-height-default rt-parallax-bg-no\" data-id=\"19fa3da3\" data-element_type=\"section\" data-e-type=\"section\">\n\t\t\t\t\t\t<div class=\"elementor-container elementor-column-gap-default\">\n\t\t\t\t\t<div class=\"elementor-column elementor-col-100 elementor-top-column elementor-element elementor-element-500d2953\" data-id=\"500d2953\" data-element_type=\"column\" data-e-type=\"column\">\n\t\t\t<div class=\"elementor-widget-wrap elementor-element-populated\">\n\t\t\t\t\t\t<div class=\"elementor-element elementor-element-4146633 elementor-widget elementor-widget-button\" data-id=\"4146633\" data-element_type=\"widget\" data-e-type=\"widget\" data-widget_type=\"button.default\">\n\t\t\t\t<div class=\"elementor-widget-container\">\n\t\t\t\t\t<div class=\"rt-button rt-button-style3\">\r\n\t\t\t<a href=\"https:\/\/cemlonline.com.ar\/\"  target=&quot;_blank&quot; class=\"btn-style3 button\">www.cemlonline.com.ar<svg \r\n        xmlns=\"http:\/\/www.w3.org\/2000\/svg\"\r\n        xmlns:xlink=\"http:\/\/www.w3.org\/1999\/xlink\"\r\n        width=\"24px\" height=\"24px\">\r\n        <path fill-rule=\"evenodd\"  fill=\"rgb(250, 54, 10)\"\r\n        d=\"M11.998,23.997 C5.381,23.997 -0.001,18.614 -0.001,11.998 C-0.001,5.382 5.381,-0.001 11.998,-0.001 C18.614,-0.001 23.997,5.382 23.997,11.998 C23.997,18.614 18.614,23.997 11.998,23.997 ZM11.998,2.181 C6.584,2.181 2.180,6.585 2.180,11.998 C2.180,17.412 6.584,21.815 11.998,21.815 C17.411,21.815 21.815,17.412 21.815,11.998 C21.815,6.585 17.411,2.181 11.998,2.181 ZM17.368,12.415 C17.312,12.548 17.232,12.669 17.131,12.770 L12.769,17.132 C12.556,17.346 12.277,17.452 11.998,17.452 C11.718,17.452 11.439,17.346 11.226,17.132 C10.800,16.706 10.800,16.016 11.226,15.590 L13.728,13.089 L7.634,13.089 C7.032,13.089 6.543,12.600 6.543,11.998 C6.543,11.396 7.032,10.907 7.634,10.907 L13.728,10.907 L11.226,8.406 C10.800,7.980 10.800,7.289 11.226,6.863 C11.652,6.437 12.343,6.437 12.769,6.863 L17.131,11.226 C17.232,11.327 17.312,11.447 17.368,11.581 C17.478,11.848 17.478,12.148 17.368,12.415 Z\"\/>\r\n        <\/svg><\/a>\r\n\t<\/div>\t\t\t\t<\/div>\n\t\t\t\t<\/div>\n\t\t\t\t<div class=\"elementor-element elementor-element-1978710e elementor-widget elementor-widget-text-editor\" data-id=\"1978710e\" data-element_type=\"widget\" data-e-type=\"widget\" data-widget_type=\"text-editor.default\">\n\t\t\t\t<div class=\"elementor-widget-container\">\n\t\t\t\t\t\t\t\t\t<p><\/p>\n<div class=\"wp-block-buttons \\&quot;wp-block-buttons\\&quot;\">\n<div>\u00a0<\/div>\n<div>\u00a0<\/div>\n<\/div>\n<p><strong>INSTRUCTIVO<\/strong><\/p>\n<p><strong>PAGOS CON MACRO CLICK CON TARJETAS DED\u00c9BITO Y \u00a0CR\u00c9DITO o MERCADO PAGO<\/strong><\/p>\n<p><strong>Como pagar:<\/strong><\/p>\n<p>\u00a01-\u00a0 Ingresar a la p\u00e1gina <strong>www.cemlonline.com.ar<\/strong><\/p>\n<p>\u00a02- Una vez ah\u00ed ir a <strong>Pago de Facturas<\/strong><\/p>\n<p>\u00a03- En el primer ingreso deber\u00e1 registrarse como nuevo usuario. Para ello deber\u00e1 tener a mano su factura, donde est\u00e1n los datos que se le pedir\u00e1n por \u00fanica vez: el <strong>C\u00f3digo \u00a0de Cliente y el C\u00f3digo de Gesti\u00f3n Personal<\/strong>, adem\u00e1s de una direcci\u00f3n de <strong>correo electr\u00f3nico<\/strong>. El sistema enviar\u00e1 a su correo electr\u00f3nico una contrase\u00f1a para poder ingresar a su cuenta.<\/p>\n<p>\u00a04- Ingresar con su<strong> correo electr\u00f3nico y contrase\u00f1a<\/strong> generada por el sistema (la misma se puede cambiar una\u00a0vez que ingrese a la p\u00e1gina de pagos).<\/p>\n<p>\u00a05- Una vez que haya ingresado a la p\u00e1gina aparecer\u00e1n las facturas pendientes de pagos, pudiendo elegir cual a abonar y con un clic en el link pagar podr\u00e1 hacerlo con Macro Click mediante sus <strong>tarjetas de d\u00e9bito \/cr\u00e9dito o Mercado Pago.<\/strong><\/p>\n<p>6- Con el bot\u00f3n <strong>Agregar Relaci\u00f3n<\/strong>, puede cargar a su cuenta facturas de otras conexiones para poder pagarlas mediante un solo ingreso de usuario.<\/p>\n<p>7- Tenga presente que en este sitio tambi\u00e9n puede descargar las facturas en formato pdf, seleccion\u00e1ndolas en <strong>Imprime<\/strong>.<\/p>\n<p><strong>\u00a0<\/strong><span style=\"text-align: var(--bs-body-text-align);\"><b>cemlonline.com.ar<\/b><\/span><\/p>\n<p><\/p>\t\t\t\t\t\t\t\t<\/div>\n\t\t\t\t<\/div>\n\t\t\t\t\t<\/div>\n\t\t<\/div>\n\t\t\t\t\t<\/div>\n\t\t<\/section>\n\t\t\t\t<\/div>\n\t\t","protected":false},"excerpt":{"rendered":"<p>Ir a pagos de Facturas Online www.cemlonline.com.ar \u00a0 \u00a0 INSTRUCTIVO PAGOS CON MACRO CLICK CON TARJETAS DED\u00c9BITO Y \u00a0CR\u00c9DITO o MERCADO PAGO Como pagar: \u00a01-\u00a0 Ingresar a la p\u00e1gina www.cemlonline.com.ar \u00a02- Una vez ah\u00ed ir a Pago de Facturas \u00a03- En el primer ingreso deber\u00e1 registrarse como nuevo usuario. Para ello deber\u00e1 tener a mano [&hellip;]<\/p>\n","protected":false},"author":1,"featured_media":0,"parent":0,"menu_order":0,"comment_status":"closed","ping_status":"closed","template":"","meta":{"footnotes":""},"class_list":["post-59","page","type-page","status-publish","hentry"],"_links":{"self":[{"href":"https:\/\/cemlmontecarlo.com.ar\/evo\/index.php?rest_route=\/wp\/v2\/pages\/59","targetHints":{"allow":["GET"]}}],"collection":[{"href":"https:\/\/cemlmontecarlo.com.ar\/evo\/index.php?rest_route=\/wp\/v2\/pages"}],"about":[{"href":"https:\/\/cemlmontecarlo.com.ar\/evo\/index.php?rest_route=\/wp\/v2\/types\/page"}],"author":[{"embeddable":true,"href":"https:\/\/cemlmontecarlo.com.ar\/evo\/index.php?rest_route=\/wp\/v2\/users\/1"}],"replies":[{"embeddable":true,"href":"https:\/\/cemlmontecarlo.com.ar\/evo\/index.php?rest_route=%2Fwp%2Fv2%2Fcomments&post=59"}],"version-history":[{"count":40,"href":"https:\/\/cemlmontecarlo.com.ar\/evo\/index.php?rest_route=\/wp\/v2\/pages\/59\/revisions"}],"predecessor-version":[{"id":10177,"href":"https:\/\/cemlmontecarlo.com.ar\/evo\/index.php?rest_route=\/wp\/v2\/pages\/59\/revisions\/10177"}],"wp:attachment":[{"href":"https:\/\/cemlmontecarlo.com.ar\/evo\/index.php?rest_route=%2Fwp%2Fv2%2Fmedia&parent=59"}],"curies":[{"name":"wp","href":"https:\/\/api.w.org\/{rel}","templated":true}]}}