{"id":9485,"date":"2024-10-23T22:49:25","date_gmt":"2024-10-23T22:49:25","guid":{"rendered":"https:\/\/cemlmontecarlo.com.ar\/evo\/?page_id=9485"},"modified":"2025-06-09T10:43:52","modified_gmt":"2025-06-09T10:43:52","slug":"donde-pagar-mis-facturas","status":"publish","type":"page","link":"https:\/\/cemlmontecarlo.com.ar\/evo\/?page_id=9485","title":{"rendered":"\u00bfD\u00f3nde pagar mis facturas?"},"content":{"rendered":"\n<p>Puede abonar sus facturas de forma online con tarjeta de cr\u00e9dito y d\u00e9bito, ingresando a <a href=\"http:\/\/www.cemlonline.com.ar\">www.cemlonline.com.ar<\/a>, o directamente en esta pagina en el men\u00fa \u00ab<a href=\"https:\/\/cemlmontecarlo.com.ar\/evo\/?page_id=59\">Pago de Facturas<\/a>\u00ab.<br>Solo tiene que estar registrado (o registrarse la primera vez teniendo su factura a la vista), seleccionar las facturas impagas, colocar el medio de pago y \u00a1listo! Los pagos puedes realizarse por MACRO CLIK con todas las tarjetas de d\u00e9bito y cr\u00e9dito.<br>Tambi\u00e9n puede descargar desde este mismo sitio sus facturas en formato PDF.<br>Tenga presente que a un mismo usuario puede asociar facturas de otras conexiones del mismo titular o de distintos titulares que desee abonar.<\/p>\n\n\n\n<h3 class=\"wp-block-heading\"><em><strong>CAJAS DE COBRO<\/strong><\/em><\/h3>\n\n\n\n<p><strong>EN CASA CENTRAL MONTECARLO<\/strong><br>Cobro de facturas y venta de energ\u00eda prepaga en efectivo o con tarjeta de d\u00e9bito\/cr\u00e9dito de lunes a viernes de 06:30 a 13:00 h en Av. El Libertador esq. calle Mitre.<\/p>\n\n\n\n<p><strong>EN Sucursal PUERTO PIRAY<\/strong><br>Cobro de facturas y venta de energ\u00eda prepaga en efectivo o con tarjeta de d\u00e9bito\/cr\u00e9dito de lunes a viernes de 06:30 a 12:30 h en Av. Bartolom\u00e9 Mitre s\/n.<\/p>\n\n\n\n<p><strong>EN Sucursal EL ALC\u00c1ZAR<\/strong><br>Cobro de facturas y venta de energ\u00eda prepaga en efectivo o con tarjeta de d\u00e9bito\/cr\u00e9dito de lunes a viernes de 06:30 a 12:30 h en Av. Mart\u00edn Miguel de G\u00fcemes s\/n.<\/p>\n\n\n\n<h3 class=\"wp-block-heading\"><em><strong>PAGO BANELCO Y RED LINK <\/strong><\/em><\/h3>\n\n\n\n<p>Tambi\u00e9n podr\u00e1 abonar sus facturas a trav\u00e9s de estas dos plataformas de manera online. El CODIGO DE PAGO ELECTRONICO se encuentra debajo del logo en la factura (diez d\u00edgitos, sin espacios ni guiones)<\/p>\n\n\n<div class=\"wp-block-image\">\n<figure class=\"aligncenter is-resized\"><img decoding=\"async\" src=\"https:\/\/lh7-rt.googleusercontent.com\/docsz\/AD_4nXcdIRd_HD9EEccjUwR_o9wnL_h9oOnitWS0N5tyG0WxOU6jl1m7K2FaaOSkMAE7aw1nIE_ezG-j-27tcm53pT-KEw7N34ZSDtWcAqSbd-RbHk3ABUyACL2Tcac-zTwItSNbHCp17F-77oSi2G41JiZxLfl22IxYYpzkY4USl47DLuwjL7YaWtk?key=jFjvWh5ChhERJp7KbPACDnC4\" alt=\"https:\/\/www.cegc.com.ar\/2018\/wp-content\/uploads\/2020\/11\/Pago-de-tasas-municipales.jpg\" style=\"width:355px;height:auto\"\/><\/figure><\/div>\n\n\n<p>Tambi\u00e9n se pueden hacer los pagos de las facturas en los cajeros autom\u00e1ticos de estas dos redes Link y Banelco.<\/p>\n\n\n\n<h3 class=\"wp-block-heading\"><em><strong>PUNTOS EXTERNOS DE LA CEML<\/strong><\/em><\/h3>\n\n\n\n<p>Cobro de facturas y venta de energ\u00eda prepaga en efectivo o con tarjeta de d\u00e9bito\/cr\u00e9dito en:<\/p>\n\n\n\n<p><strong>Agencia de Daniel Galarza<\/strong> \u2013 Montecarlo<\/p>\n\n\n\n<p><strong>Agencia Carlos Plocher<\/strong> \u2013 Montecarlo<\/p>\n\n\n\n<p><strong>Agencia Hilari\u00f3n Ben\u00edtez<\/strong> \u2013 Montecarlo (Solo efectivo)<\/p>\n\n\n\n<p><strong>Servicompras YPF Coop. Agr\u00edcola Montecarlo<\/strong> \u2013 Montecarlo<\/p>\n\n\n\n<p><strong>Administraci\u00f3n Coop. Agr\u00edcola Montecarlo<\/strong> \u2013 Montecarlo<\/p>\n\n\n\n<p><strong>Municipalidad de Caraguatay<\/strong> &#8211; Caraguatay<\/p>\n\n\n\n<p><strong>Pago F\u00e1cil Su\u00e1rez<\/strong> \u2013 Puerto Piray<strong>&nbsp;<\/strong><\/p>\n\n\n\n<p><strong>Farmacia Walko<\/strong> \u2013 El Alc\u00e1zar (Solo efectivo)<\/p>\n\n\n\n<p><strong>Comercio La luna y el sol<\/strong> \u2013 Colonia Tarum\u00e1 (Solo d\u00e9bito)<\/p>\n\n\n\n<p><\/p>\n\n\n\n<p><strong>Reciba sus Facturas por correo electr\u00f3nico<\/strong><br>Se\u00f1or Socio, la Cooperativa de Electricidad de Montecarlo le ofrece la facilidad de recibir la factura mensual de servicios por correo electr\u00f3nico en la comodidad de su domicilio, comercio, oficina o empresa.<\/p>\n\n\n\n<p>El tr\u00e1mite es muy sencillo, solamente enviando un correo a <a href=\"mailto:mifactura@cemlmontecarlo.com.ar\">mifactura@cemlmontecarlo.com.ar<\/a> indicando:<\/p>\n\n\n\n<p>Citar N\u00ba de Socio\/Conexi\u00f3n:&nbsp;<br>Nombre del Titular:&nbsp;<br>N\u00ba Tel\u00e9fono Fijo:&nbsp;<br>N\u00ba Tel\u00e9fono Celular:&nbsp;<br>Confirmar e-mail:&nbsp;<br><br>Al inicio de cada mes recibir\u00e1 la factura en formato PDF.<\/p>\n\n\n\n<p><\/p>\n","protected":false},"excerpt":{"rendered":"<p>Puede abonar sus facturas de forma online con tarjeta de cr\u00e9dito y d\u00e9bito, ingresando a www.cemlonline.com.ar, o directamente en esta pagina en el men\u00fa \u00abPago de Facturas\u00ab.Solo tiene que estar registrado (o registrarse la primera vez teniendo su factura a la vista), seleccionar las facturas impagas, colocar el medio de pago y \u00a1listo! Los pagos [&hellip;]<\/p>\n","protected":false},"author":1,"featured_media":0,"parent":0,"menu_order":0,"comment_status":"closed","ping_status":"closed","template":"","meta":{"footnotes":""},"class_list":["post-9485","page","type-page","status-publish","hentry"],"_links":{"self":[{"href":"https:\/\/cemlmontecarlo.com.ar\/evo\/index.php?rest_route=\/wp\/v2\/pages\/9485","targetHints":{"allow":["GET"]}}],"collection":[{"href":"https:\/\/cemlmontecarlo.com.ar\/evo\/index.php?rest_route=\/wp\/v2\/pages"}],"about":[{"href":"https:\/\/cemlmontecarlo.com.ar\/evo\/index.php?rest_route=\/wp\/v2\/types\/page"}],"author":[{"embeddable":true,"href":"https:\/\/cemlmontecarlo.com.ar\/evo\/index.php?rest_route=\/wp\/v2\/users\/1"}],"replies":[{"embeddable":true,"href":"https:\/\/cemlmontecarlo.com.ar\/evo\/index.php?rest_route=%2Fwp%2Fv2%2Fcomments&post=9485"}],"version-history":[{"count":4,"href":"https:\/\/cemlmontecarlo.com.ar\/evo\/index.php?rest_route=\/wp\/v2\/pages\/9485\/revisions"}],"predecessor-version":[{"id":10426,"href":"https:\/\/cemlmontecarlo.com.ar\/evo\/index.php?rest_route=\/wp\/v2\/pages\/9485\/revisions\/10426"}],"wp:attachment":[{"href":"https:\/\/cemlmontecarlo.com.ar\/evo\/index.php?rest_route=%2Fwp%2Fv2%2Fmedia&parent=9485"}],"curies":[{"name":"wp","href":"https:\/\/api.w.org\/{rel}","templated":true}]}}