{"id":9890,"date":"2024-10-29T00:12:21","date_gmt":"2024-10-29T00:12:21","guid":{"rendered":"https:\/\/cemlmontecarlo.com.ar\/evo\/?page_id=9890"},"modified":"2024-10-29T00:12:24","modified_gmt":"2024-10-29T00:12:24","slug":"requisitos-para-conexiones-nuevas","status":"publish","type":"page","link":"https:\/\/cemlmontecarlo.com.ar\/evo\/?page_id=9890","title":{"rendered":"REQUISITOS PARA CONEXIONES NUEVAS"},"content":{"rendered":"\n<p>El solicitante deber\u00e1 ser socio o asociarse a la Cooperativa y contar con:<br>\u2022 T\u00edtulo de propiedad, contrato de compraventa, contrato de alquiler, de comodato o autorizaci\u00f3n escrita del propietario.<br>\u2022 Formulario de autorizaci\u00f3n municipal (para el municipio de Montecarlo, retirar formulario en la CEML), para Caraguatay, Tarum\u00e1, El Alc\u00e1zar y Puerto Piray solicitarlo en su municipio.<br>\u2022 DNI.<br>Para solicitar la conexi\u00f3n de energ\u00eda el\u00e9ctrica monof\u00e1sica o trif\u00e1sica deber\u00e1 cumplir con el Reglamento del Servicio El\u00e9ctrico, contando b\u00e1sicamente con el pilar reglamentario con el ca\u00f1o de la altura correspondiente y fijado en el lugar.<br>Las conexiones de agua potable deber\u00e1n contar con pilar para medidor de agua fijado en el lugar, la torre y tanque elevado reglamentario.<br>Los pilares como la torre y el tanque est\u00e1n disponibles a la venta en nuestra Cooperativa.<\/p>\n\n\n\n<p><strong>Cuando el solicitante reviste el car\u00e1cter de INQUILINO u OCUPANTE<\/strong><br>Se requiere:<br>\u2022 Contrato de alquiler, de comodato o autorizaci\u00f3n escrita del propietario del inmueble (copia certificada).<br>\u2022 Formulario de autorizaci\u00f3n municipal (para el municipio de Montecarlo, retirar formulario en la CEML), para Caraguatay, Tarum\u00e1, El Alc\u00e1zar y Puerto Piray solicitarlo en su municipio.<br>\u2022 Socio Garante<br><strong>Requisitos a tener en cuenta para el garante:<\/strong> debe tener un (1) a\u00f1o como socio de la CEML, sin deudas, y no debe tener condici\u00f3n como inquilino.<\/p>\n","protected":false},"excerpt":{"rendered":"<p>El solicitante deber\u00e1 ser socio o asociarse a la Cooperativa y contar con:\u2022 T\u00edtulo de propiedad, contrato de compraventa, contrato de alquiler, de comodato o autorizaci\u00f3n escrita del propietario.\u2022 Formulario de autorizaci\u00f3n municipal (para el municipio de Montecarlo, retirar formulario en la CEML), para Caraguatay, Tarum\u00e1, El Alc\u00e1zar y Puerto Piray solicitarlo en su municipio.\u2022 [&hellip;]<\/p>\n","protected":false},"author":1,"featured_media":0,"parent":0,"menu_order":0,"comment_status":"closed","ping_status":"closed","template":"","meta":{"footnotes":""},"class_list":["post-9890","page","type-page","status-publish","hentry"],"_links":{"self":[{"href":"https:\/\/cemlmontecarlo.com.ar\/evo\/index.php?rest_route=\/wp\/v2\/pages\/9890","targetHints":{"allow":["GET"]}}],"collection":[{"href":"https:\/\/cemlmontecarlo.com.ar\/evo\/index.php?rest_route=\/wp\/v2\/pages"}],"about":[{"href":"https:\/\/cemlmontecarlo.com.ar\/evo\/index.php?rest_route=\/wp\/v2\/types\/page"}],"author":[{"embeddable":true,"href":"https:\/\/cemlmontecarlo.com.ar\/evo\/index.php?rest_route=\/wp\/v2\/users\/1"}],"replies":[{"embeddable":true,"href":"https:\/\/cemlmontecarlo.com.ar\/evo\/index.php?rest_route=%2Fwp%2Fv2%2Fcomments&post=9890"}],"version-history":[{"count":1,"href":"https:\/\/cemlmontecarlo.com.ar\/evo\/index.php?rest_route=\/wp\/v2\/pages\/9890\/revisions"}],"predecessor-version":[{"id":9891,"href":"https:\/\/cemlmontecarlo.com.ar\/evo\/index.php?rest_route=\/wp\/v2\/pages\/9890\/revisions\/9891"}],"wp:attachment":[{"href":"https:\/\/cemlmontecarlo.com.ar\/evo\/index.php?rest_route=%2Fwp%2Fv2%2Fmedia&parent=9890"}],"curies":[{"name":"wp","href":"https:\/\/api.w.org\/{rel}","templated":true}]}}