{"id":9908,"date":"2024-10-29T00:22:33","date_gmt":"2024-10-29T00:22:33","guid":{"rendered":"https:\/\/cemlmontecarlo.com.ar\/evo\/?page_id=9908"},"modified":"2024-10-29T00:22:36","modified_gmt":"2024-10-29T00:22:36","slug":"television-e-internet","status":"publish","type":"page","link":"https:\/\/cemlmontecarlo.com.ar\/evo\/?page_id=9908","title":{"rendered":"TELEVISI\u00d3N E INTERNET"},"content":{"rendered":"\n<p>Contamos con servicios de FFTH (fibra \u00f3ptica) para los servicios de Televisi\u00f3n e Internet en la zona urbana y suburbana de Montecarlo, en barrios m\u00e1s alejados como ITA, Cuatro Bocas Laharrague, Guaraypo y Nuevo Guaraypo, en Caraguatay y Tarum\u00e1, como tambi\u00e9n en El Alc\u00e1zar.<\/p>\n\n\n\n<p>Si ya tiene una conexi\u00f3n de Televisi\u00f3n en su domicilio, puede acceder al servicio de Fibra \u00f3ptica FFTH sin costo adicional.<\/p>\n\n\n\n<p>Tiene costo: Si <em>(consultar)<\/em><\/p>\n","protected":false},"excerpt":{"rendered":"<p>Contamos con servicios de FFTH (fibra \u00f3ptica) para los servicios de Televisi\u00f3n e Internet en la zona urbana y suburbana de Montecarlo, en barrios m\u00e1s alejados como ITA, Cuatro Bocas Laharrague, Guaraypo y Nuevo Guaraypo, en Caraguatay y Tarum\u00e1, como tambi\u00e9n en El Alc\u00e1zar. Si ya tiene una conexi\u00f3n de Televisi\u00f3n en su domicilio, puede [&hellip;]<\/p>\n","protected":false},"author":1,"featured_media":0,"parent":0,"menu_order":0,"comment_status":"closed","ping_status":"closed","template":"","meta":{"footnotes":""},"class_list":["post-9908","page","type-page","status-publish","hentry"],"_links":{"self":[{"href":"https:\/\/cemlmontecarlo.com.ar\/evo\/index.php?rest_route=\/wp\/v2\/pages\/9908","targetHints":{"allow":["GET"]}}],"collection":[{"href":"https:\/\/cemlmontecarlo.com.ar\/evo\/index.php?rest_route=\/wp\/v2\/pages"}],"about":[{"href":"https:\/\/cemlmontecarlo.com.ar\/evo\/index.php?rest_route=\/wp\/v2\/types\/page"}],"author":[{"embeddable":true,"href":"https:\/\/cemlmontecarlo.com.ar\/evo\/index.php?rest_route=\/wp\/v2\/users\/1"}],"replies":[{"embeddable":true,"href":"https:\/\/cemlmontecarlo.com.ar\/evo\/index.php?rest_route=%2Fwp%2Fv2%2Fcomments&post=9908"}],"version-history":[{"count":1,"href":"https:\/\/cemlmontecarlo.com.ar\/evo\/index.php?rest_route=\/wp\/v2\/pages\/9908\/revisions"}],"predecessor-version":[{"id":9909,"href":"https:\/\/cemlmontecarlo.com.ar\/evo\/index.php?rest_route=\/wp\/v2\/pages\/9908\/revisions\/9909"}],"wp:attachment":[{"href":"https:\/\/cemlmontecarlo.com.ar\/evo\/index.php?rest_route=%2Fwp%2Fv2%2Fmedia&parent=9908"}],"curies":[{"name":"wp","href":"https:\/\/api.w.org\/{rel}","templated":true}]}}